remainder when 14294 is divided by 17.
14
What is the remainder when 155 is divided by 36?
11
What is the remainder when 18095 is divided by 6029?
8
What is the remainder when 6323 is divided by 972?
491
What is the remainder when 2876 is divided by 558?
86
What is the remainder when 7681 is divided by 686?
135
Calculate the remainder when 14503 is divided by 1413.
373
What is the remainder when 441696 is divided by 153?
138
What is the remainder when 1297423 is divided by 16?
15
What is the remainder when 1425 is divided by 1401?
24
Calculate the remainder when 726 is divided by 26.
24
What is the remainder when 597 is divided by 14?
9
What is the remainder when 136295 is divided by 45420?
35
What is the remainder when 760230 is divided by 583?
581
Calculate the remainder when 116513 is divided by 219.
5
Calculate the remainder when 115816 is divided by 135.
121
What is the remainder when 5207 is divided by 35?
27
What is the remainder when 11156 is divided by 259?
19
What is the remainder when 520790 is divided by 32?
22
Calculate the remainder when 7406 is divided by 39.
35
Calculate the remainder when 4579 is divided by 177.
154
Calculate the remainder when 15299 is divided by 121.
53
What is the remainder when 16417 is divided by 83?
66
Calculate the remainder when 679 is divided by 13.
3
What is the remainder when 1046 is divided by 44?
34
What is the remainder when 13176 is divided by 13134?
42
Calculate the remainder when 1492049 is divided by 686.
685
What is the remainder when 28801 is divided by 4110?
31
What is the remainder when 83754 is divided by 20914?
98
Calculate the remainder when 7306 is divided by 801.
97
What is the remainder when 91278 is divided by 853?
7
Calculate the remainder when 2337 is divided by 145.
17
Calculate the remainder when 6806 is divided by 763.
702
Calculate the remainder when 6647 is divided by 116.
35
Calculate the remainder when 27918 is divided by 448.
142
Calculate the remainder when 13381 is divided by 477.
25
What is the remainder when 96909 is divided by 5374?
177
What is the remainder when 352386 is divided by 52?
34
What is the remainder when 4923 is divided by 32?
27
Calculate the remainder when 401847 is divided by 133930.
57
Calculate the remainder when 619829 is divided by 355.
354
What is the remainder when 1161361 is divided by 647?
643
Calculate the remainder when 40783 is divided by 5.
3
What is the remainder when 3615 is divided by 184?
119
Calculate the remainder when 11742 is divided by 1661.
115
Calculate the remainder when 108053 is divided by 359.
353
What is the remainder when 4124 is divided by 1837?
450
Calculate the remainder when 121998 is divided by 488.
486
What is the remainder when 18970 is divided by 34?
32
What is the remainder when 42900 is divided by 841?
9
Calculate the remainder when 1420 is divided by 613.
194
Calculate the remainder when 635 is divided by 168.
131
Calculate the remainder when 32058 is divided by 101.
41
Calculate the remainder when 197360 is divided by 32.
16
What is the remainder when 10446 is divided by 1732?
54
Calculate the remainder when 2972 is divided by 1770.
1202
What is the remainder when 764 is divided by 311?
142
Calculate the remainder when 15604 is divided by 264.
28
What is the remainder when 41973 is divided by 99?
96
Calculate the remainder when 31913 is divided by 31904.
9
What is the remainder when 1189719 is divided by 83?
80
What is the remainder when 793166 is divided by 481?
478
What is the remainder when 588512 is divided by 49?
22
What is the remainder when 106718 is divided by 65?
53
Calculate the remainder when 118648 is divided by 25.
23
Calculate the remainder when 7826 is divided by 2137.
1415
What is the remainder when 4917 is divided by 1633?
18
Calculate the remainder when 59421 is divided by 561.
516
Calculate the remainder when 986 is divided by 99.
95
What is the remainder when 711 is divided by 127?
76
What is the remainder when 78196 is divided by 6?
4
What is the remainder when 95767 is divided by 1570?
1567
Calculate the remainder when 4336 is divided by 401.
326
Calculate the remainder when 25838 is divided by 71.
65
What is the remainder when 73869 is divided by 43?
38
What is the remainder when 1760502 is divided by 500?
2
Calculate the remainder when 11463 is divided by 738.
393
Calculate the remainder when 1088 is divided by 1006.
82
Calculate the remainder when 15204 is divided by 1849.
412
Calculate the remainder when 1080 is divided by 241.
116
What is the remainder when 78948 is divided by 3?
0
Calculate the remainder when 8166 is divided by 1474.
796
Calculate the remainder when 53739 is divided by 26.
23
Calculate the remainder when 90997 is divided by 15155.
67
Calculate the remainder when 173483 is divided by 221.
219
What is the remainder when 49987 is divided by 5?
2
What is the remainder when 4087852 is divided by 11?
10
Calculate the remainder when 10552 is divided by 3517.
1
Calculate the remainder when 176515 is divided by 58825.
40
What is the remainder when 5798 is divided by 70?
58
What is the remainder when 73223 is divided by 14628?
83
Calculate the remainder when 134101 is divided by 129.
70
What is the remainder when 5763 is divided by 70?
23
Calculate the remainder when 24574 is divided by 12265.
44
What is the remainder when 7626 is divided by 85?
61
Calculate the remainder when 136755 is divided by 34186.
11
What is the remainder when 1011320 is divided by 46?
10
Calculate the remainder when 4426 is divided by 65.
6
Calculate the remainder when 2889 is divided by 955.
24
Calculate the remainder when 4748 is divided by 601.
541
What is the remainder when 2731 is divided by 13?
1
Calculate the remainder when 4354 is divided by 4348.
6
What is the remainder when 12291 is divided by 3974?
369
Calculate the remainder when 26456 is divided by 26456.
0
What is the remainder when 23705 is divided by 96?
89
What is the remainder when 123063 is divided by 298?
287
What is the remainder when 2478 is divided by 301?
70
Calculate the remainder when 29282 is divided by 488.
2
What is the remainder when 1529 is divided by 134?
55
What is the remainder when 13285 is divided by 77?
41
Calculate the remainder when 8049 is divided by 12.
9
Calculate the remainder when 2532 is divided by 2507.
25
What is the remainder when 3770939 is divided by 170?
169
What is the remainder when 698 is divided by 267?
164
What is the remainder when 3040 is divided by 333?
43
What is the remainder when 13052 is divided by 57?
56
What is the remainder when 2114 is divided by 163?
158
Calculate the remainder when 2067 is divided by 51.
27
Calculate the remainder when 13409 is divided by 133.
109
Calculate the remainder when 8663 is divided by 692.
359
What is the remainder when 289 is divided by 274?
15
Calculate the remainder when 128960 is divided by 23.
22
What is the remainder when 271478 is divided by 18?
2
Calculate the remainder when 30348 is divided by 1016.
884
What is the remainder when 238765 is divided by 48?
13
Calculate the remainder when 1824 is divided by 154.
130
Calculate the remainder when 10970 is divided by 25.
20
What is the remainder when 117523 is divided by 15?
13
Calculate the remainder when 2923 is divided by 600.
523
What is the remainder when 937 is divided by 629?
308
Calculate the remainder when 33564 is divided by 493.
40
What is the remainder when 63241 is divided by 307?
306
What is the remainder when 11125 is divided by 104?
101
Calculate the remainder when 26409 is divided by 267.
243
What is the remainder when 164244 is divided by 65?
54
What is the remainder when 94665 is divided by 45?
30
Calculate the remainder when 811214 is divided by 270397.
23
What is the remainder when 12768 is divided by 909?
42
Calculate the remainder when 1907 is divided by 39.
35
What is the remainder when 1912 is divided by 1555?
357
Calculate the remainder when 15302 is divided by 7620.
62
What is the remainder when 260151 is divided by 586?
553
Calculate the remainder when 167364 is divided by 379.
225
What is the remainder when 57022 is divided by 3354?
4
What is the remainder when 3867 is divided by 7?
3
What is the remainder when 1101759 is divided by 25?
9
Calculate the remainder when 2096